{"id":8024,"date":"2023-05-01T11:07:39","date_gmt":"2023-05-01T15:07:39","guid":{"rendered":"https:\/\/www.riadm.ca\/?page_id=8024"},"modified":"2024-09-20T09:13:25","modified_gmt":"2024-09-20T13:13:25","slug":"avis-publics","status":"publish","type":"page","link":"https:\/\/www.riadm.ca\/index.php\/avis-publics\/","title":{"rendered":"Avis publics"},"content":{"rendered":"<div id=\"pl-8024\"  class=\"panel-layout\" ><div id=\"pg-8024-0\"  class=\"panel-grid panel-no-style\" ><div id=\"pgc-8024-0-0\"  class=\"panel-grid-cell\" ><div id=\"panel-8024-0-0-0\" class=\"so-panel widget widget_rpwe_widget rpwe_widget recent-posts-extended panel-first-child panel-last-child\" data-index=\"0\" ><style>.rpwe-block ul{\nlist-style: none !important;\nmargin-left: 0 !important;\npadding-left: 0 !important;\n}\n\n.rpwe-block li{\nborder-bottom: 1px solid #eee;\nmargin: 0 0 8px !important;\npadding: 5px 0 10px !important;\nlist-style-type: none !important;\ndisplay: block;\n}\n\n.rpwe-block a{\ndisplay: inline !important;\ntext-decoration: none;\n}\n\n.rpwe-block h3{\nbackground: none !important;\nclear: none;\nmargin-bottom: 0 !important;\nmargin-top: 0 !important;\nfont-weight: 400;\nfont-size: 22px !important;\nline-height: 1.5em;\n}\n\n.rpwe-thumb{\nborder: 1px solid #eee !important;\nbox-shadow: none !important;\nmargin: 2px 10px 2px 0 !important;\npadding: 3px !important;\n}\n\n.rpwe-summary{\nfont-size: 16px;\n}\n\n.rpwe-time{\ncolor: #bbb;\nfont-size: 14px;\n}\n\n.rpwe-comment{\ncolor: #bbb;\nfont-size: 11px;\npadding-left: 5px;\n}\n\n.rpwe-alignleft{\ndisplay: inline;\nfloat: left;\n}\n\n.rpwe-alignright{\ndisplay: inline;\nfloat: right;\n}\n\n.rpwe-aligncenter{\ndisplay: block;\nmargin-left: auto;\nmargin-right: auto;\n}\n\n.rpwe-clearfix:before,\n.rpwe-clearfix:after{\ncontent: &quot;&quot;;\ndisplay: table !important;\n}\n\n.rpwe-clearfix:after{\nclear: both;\n}\n\n.rpwe-clearfix{\nzoom: 1;\n}\n.rpwe-summary .more-link{margin-left:10px}<\/style><div  class=\"rpwe-block\"><ul class=\"rpwe-ul\"><li class=\"rpwe-li rpwe-clearfix\"><a class=\"rpwe-img\" href=\"https:\/\/www.riadm.ca\/index.php\/2025\/03\/24\/avis-public-reglement-numero-25-009-05\/\" target=\"_self\"><img class=\"rpwe-alignleft rpwe-thumb\" src=\"https:\/\/www.riadm.ca\/wp-content\/uploads\/2023\/08\/banniere-logo_RIADM-100x100.png\" alt=\"Avis public &#8211; R\u00e8glement num\u00e9ro 25-009-05\" height=\"100\" width=\"100\" loading=\"lazy\" decoding=\"async\"><\/a><h3 class=\"rpwe-title\"><a href=\"https:\/\/www.riadm.ca\/index.php\/2025\/03\/24\/avis-public-reglement-numero-25-009-05\/\" target=\"_self\">Avis public &#8211; R\u00e8glement num\u00e9ro 25-009-05<\/a><\/h3><time class=\"rpwe-time published\" datetime=\"2025-03-24T14:22:01-04:00\">24 mars 2025<\/time><div class=\"rpwe-summary\">Avis public &#8211; R\u00e8glement num\u00e9ro 25-009-05 T\u00e9l\u00e9charger le document pdf<a href=\"https:\/\/www.riadm.ca\/index.php\/2025\/03\/24\/avis-public-reglement-numero-25-009-05\/\" class=\"more-link\">Lire la suite\u00a0\u00bb<\/a><\/div><\/li><li class=\"rpwe-li rpwe-clearfix\"><a class=\"rpwe-img\" href=\"https:\/\/www.riadm.ca\/index.php\/2024\/11\/12\/avis-public\/\" target=\"_self\"><img class=\"rpwe-alignleft rpwe-thumb\" src=\"https:\/\/www.riadm.ca\/wp-content\/uploads\/2023\/08\/banniere-logo_RIADM-100x100.png\" alt=\"Avis public appel d&#8217;offres public RIADM-2024-GMR\" height=\"100\" width=\"100\" loading=\"lazy\" decoding=\"async\"><\/a><h3 class=\"rpwe-title\"><a href=\"https:\/\/www.riadm.ca\/index.php\/2024\/11\/12\/avis-public\/\" target=\"_self\">Avis public appel d&#8217;offres public RIADM-2024-GMR<\/a><\/h3><time class=\"rpwe-time published\" datetime=\"2024-11-12T08:13:13-05:00\">12 novembre 2024<\/time><div class=\"rpwe-summary\">Avis public appel d&#8217;offres public RIADM-2024-GMR \u00a0 \u00a0\u00a0 \u00a0<a href=\"https:\/\/www.riadm.ca\/index.php\/2024\/11\/12\/avis-public\/\" class=\"more-link\">Lire la suite\u00a0\u00bb<\/a><\/div><\/li><li class=\"rpwe-li rpwe-clearfix\"><a class=\"rpwe-img\" href=\"https:\/\/www.riadm.ca\/index.php\/2024\/09\/20\/avis-public-reglement-numero-23-024-2-2-2-2-2\/\" target=\"_self\"><img class=\"rpwe-alignleft rpwe-thumb\" src=\"https:\/\/www.riadm.ca\/wp-content\/uploads\/2023\/08\/banniere-logo_RIADM-100x100.png\" alt=\"Avis public projet 24-022-01\" height=\"100\" width=\"100\" loading=\"lazy\" decoding=\"async\"><\/a><h3 class=\"rpwe-title\"><a href=\"https:\/\/www.riadm.ca\/index.php\/2024\/09\/20\/avis-public-reglement-numero-23-024-2-2-2-2-2\/\" target=\"_self\">Avis public projet 24-022-01<\/a><\/h3><time class=\"rpwe-time published\" datetime=\"2024-09-20T08:39:23-04:00\">20 septembre 2024<\/time><div class=\"rpwe-summary\">Avis public projet 24-022-01 \u00a0 \u00a0<a href=\"https:\/\/www.riadm.ca\/index.php\/2024\/09\/20\/avis-public-reglement-numero-23-024-2-2-2-2-2\/\" class=\"more-link\">Lire la suite\u00a0\u00bb<\/a><\/div><\/li><li class=\"rpwe-li rpwe-clearfix\"><a class=\"rpwe-img\" href=\"https:\/\/www.riadm.ca\/index.php\/2024\/09\/20\/avis-public-reglement-numero-23-024-2-2-2-2\/\" target=\"_self\"><img class=\"rpwe-alignleft rpwe-thumb\" src=\"https:\/\/www.riadm.ca\/wp-content\/uploads\/2023\/08\/banniere-logo_RIADM-100x100.png\" alt=\"Avis public projet 24-021-01\" height=\"100\" width=\"100\" loading=\"lazy\" decoding=\"async\"><\/a><h3 class=\"rpwe-title\"><a href=\"https:\/\/www.riadm.ca\/index.php\/2024\/09\/20\/avis-public-reglement-numero-23-024-2-2-2-2\/\" target=\"_self\">Avis public projet 24-021-01<\/a><\/h3><time class=\"rpwe-time published\" datetime=\"2024-09-20T08:34:32-04:00\">20 septembre 2024<\/time><div class=\"rpwe-summary\">Avis public projet 24-021-01 \u00a0 \u00a0<a href=\"https:\/\/www.riadm.ca\/index.php\/2024\/09\/20\/avis-public-reglement-numero-23-024-2-2-2-2\/\" class=\"more-link\">Lire la suite\u00a0\u00bb<\/a><\/div><\/li><li class=\"rpwe-li rpwe-clearfix\"><a class=\"rpwe-img\" href=\"https:\/\/www.riadm.ca\/index.php\/2024\/09\/20\/avis-public-reglement-numero-23-024-2-2\/\" target=\"_self\"><img class=\"rpwe-alignleft rpwe-thumb\" src=\"https:\/\/www.riadm.ca\/wp-content\/uploads\/2023\/08\/banniere-logo_RIADM-100x100.png\" alt=\"Avis public projet 24-020-01\" height=\"100\" width=\"100\" loading=\"lazy\" decoding=\"async\"><\/a><h3 class=\"rpwe-title\"><a href=\"https:\/\/www.riadm.ca\/index.php\/2024\/09\/20\/avis-public-reglement-numero-23-024-2-2\/\" target=\"_self\">Avis public projet 24-020-01<\/a><\/h3><time class=\"rpwe-time published\" datetime=\"2024-09-20T08:26:33-04:00\">20 septembre 2024<\/time><div class=\"rpwe-summary\">Avis public projet 24-020-01 \u00a0 \u00a0<a href=\"https:\/\/www.riadm.ca\/index.php\/2024\/09\/20\/avis-public-reglement-numero-23-024-2-2\/\" class=\"more-link\">Lire la suite\u00a0\u00bb<\/a><\/div><\/li><li class=\"rpwe-li rpwe-clearfix\"><a class=\"rpwe-img\" href=\"https:\/\/www.riadm.ca\/index.php\/2024\/09\/20\/avis-public-reglement-numero-23-024-2\/\" target=\"_self\"><img class=\"rpwe-alignleft rpwe-thumb\" src=\"https:\/\/www.riadm.ca\/wp-content\/uploads\/2023\/08\/banniere-logo_RIADM-100x100.png\" alt=\"Avis public projet 24-013-09\" height=\"100\" width=\"100\" loading=\"lazy\" decoding=\"async\"><\/a><h3 class=\"rpwe-title\"><a href=\"https:\/\/www.riadm.ca\/index.php\/2024\/09\/20\/avis-public-reglement-numero-23-024-2\/\" target=\"_self\">Avis public projet 24-013-09<\/a><\/h3><time class=\"rpwe-time published\" datetime=\"2024-09-20T08:24:56-04:00\">20 septembre 2024<\/time><div class=\"rpwe-summary\">Avis public projet 24-013-09 \u00a0 \u00a0<a href=\"https:\/\/www.riadm.ca\/index.php\/2024\/09\/20\/avis-public-reglement-numero-23-024-2\/\" class=\"more-link\">Lire la suite\u00a0\u00bb<\/a><\/div><\/li><li class=\"rpwe-li rpwe-clearfix\"><a class=\"rpwe-img\" href=\"https:\/\/www.riadm.ca\/index.php\/2023\/07\/14\/avis-public-reglement-numero-23-024\/\" target=\"_self\"><img class=\"rpwe-alignleft rpwe-thumb\" src=\"https:\/\/www.riadm.ca\/wp-content\/uploads\/2023\/08\/banniere-logo_RIADM-100x100.png\" alt=\"Avis public r\u00e8glement num\u00e9ro 23-024\" height=\"100\" width=\"100\" loading=\"lazy\" decoding=\"async\"><\/a><h3 class=\"rpwe-title\"><a href=\"https:\/\/www.riadm.ca\/index.php\/2023\/07\/14\/avis-public-reglement-numero-23-024\/\" target=\"_self\">Avis public r\u00e8glement num\u00e9ro 23-024<\/a><\/h3><time class=\"rpwe-time published\" datetime=\"2023-07-14T13:12:06-04:00\">14 juillet 2023<\/time><div class=\"rpwe-summary\">Avis public Entr\u00e9e en vigueur R\u00e8glement num\u00e9ro 23-024 &nbsp; Prenez avis qu\u2019\u00e0 sa s\u00e9ance ordinaire tenue le 13 juillet 2023, le Conseil de la R\u00e9gie Intermunicipale Argenteuil Deux-Montagnes a adopt\u00e9 &hellip;<a href=\"https:\/\/www.riadm.ca\/index.php\/2023\/07\/14\/avis-public-reglement-numero-23-024\/\" class=\"more-link\">Lire la suite\u00a0\u00bb<\/a><\/div><\/li><\/ul><\/div><!-- Generated by http:\/\/wordpress.org\/plugins\/recent-posts-widget-extended\/ --><\/div><\/div><\/div><\/div>","protected":false},"excerpt":{"rendered":"Avis public Entr\u00e9e en vigueur R\u00e8glement num\u00e9ro 23-024 &nbsp; Prenez avis qu\u2019\u00e0 sa s\u00e9ance ordinaire tenue le 13 juillet 2023, le Conseil de la R\u00e9gie Intermunicipale Argenteuil Deux-Montagnes a adopt\u00e9 le r\u00e8glement num\u00e9ro 23-024 intitul\u00e9\u00a0: \u00ab R\u00e8glement num\u00e9ro 23-024 concernant les modalit\u00e9s de publication des avis publics de la R\u00e9gie Intermunicipale Argenteuil Deux-Montagnes \u00bb. Ce [...]","protected":false},"author":6,"featured_media":0,"parent":0,"menu_order":0,"comment_status":"closed","ping_status":"closed","template":"","meta":[],"_links":{"self":[{"href":"https:\/\/www.riadm.ca\/index.php\/wp-json\/wp\/v2\/pages\/8024"}],"collection":[{"href":"https:\/\/www.riadm.ca\/index.php\/wp-json\/wp\/v2\/pages"}],"about":[{"href":"https:\/\/www.riadm.ca\/index.php\/wp-json\/wp\/v2\/types\/page"}],"author":[{"embeddable":true,"href":"https:\/\/www.riadm.ca\/index.php\/wp-json\/wp\/v2\/users\/6"}],"replies":[{"embeddable":true,"href":"https:\/\/www.riadm.ca\/index.php\/wp-json\/wp\/v2\/comments?post=8024"}],"version-history":[{"count":38,"href":"https:\/\/www.riadm.ca\/index.php\/wp-json\/wp\/v2\/pages\/8024\/revisions"}],"predecessor-version":[{"id":8632,"href":"https:\/\/www.riadm.ca\/index.php\/wp-json\/wp\/v2\/pages\/8024\/revisions\/8632"}],"wp:attachment":[{"href":"https:\/\/www.riadm.ca\/index.php\/wp-json\/wp\/v2\/media?parent=8024"}],"curies":[{"name":"wp","href":"https:\/\/api.w.org\/{rel}","templated":true}]}}