{"id":465,"date":"2018-04-17T19:39:52","date_gmt":"2018-04-17T18:39:52","guid":{"rendered":"https:\/\/www.riadm.ca\/2018\/?page_id=465"},"modified":"2023-07-06T14:27:31","modified_gmt":"2023-07-06T18:27:31","slug":"programme-daide-financiere-couches-lavables","status":"publish","type":"page","link":"https:\/\/www.riadm.ca\/index.php\/nos-activites-2\/programme-daide-financiere-couches-lavables\/","title":{"rendered":"Programme d&#8217;aide financi\u00e8re &#8211; couches lavables"},"content":{"rendered":"<h1><img loading=\"lazy\" class=\" wp-image-1094 alignleft\" src=\"https:\/\/www.riadm.ca\/wp-content\/uploads\/2019\/12\/Couchelavable-218x300.png\" alt=\"\" width=\"145\" height=\"200\" srcset=\"https:\/\/www.riadm.ca\/wp-content\/uploads\/2019\/12\/Couchelavable-218x300.png 218w, https:\/\/www.riadm.ca\/wp-content\/uploads\/2019\/12\/Couchelavable.png 400w\" sizes=\"(max-width: 145px) 100vw, 145px\" \/><span style=\"color: #000000;\">PROGRAMME D&#8217;AIDE FINANCI\u00c8RE &#8211; COUCHES LAVABLES<\/span><\/h1>\n<h3>La R\u00e9gie Intermunicipale Argenteuil Deux-Montagnes (RIADM) offre depuis 2012 un programme d&#8217;aide financi\u00e8re \u00e0 l&#8217;achat de couches lavables. Par ce programme, la RIADM versera 200$ par enfant n\u00e9 le ou apr\u00e8s le 1er janvier 2012 pour l&#8217;achat de couches lavables et r\u00e9utilisables, et ce, pour les familles r\u00e9sidant sur le territoire de ses municipalit\u00e9s membres.<\/h3>\n<p>&#8211;<strong>Lachute\u00a0 -Brownsburg-Chatham -Saint-Andr\u00e9-d&#8217;Argenteuil \u00a0-Saint-Placide<\/strong><\/p>\n<h5><\/h5>\n<h5>L&#8217;utilisation de couches jetables a un impact consid\u00e9rable sur l&#8217;environnement. Au Qu\u00e9bec seulement, ce sont plusieurs millions de couches de plastique qui se retrouvent dans les lieux d&#8217;enfouissement \u00e0 chaque ann\u00e9e. Puisqu&#8217;il faut en moyenne 5 000 \u00e0 7 000 couches pour rendre un enfant propre, le programme d&#8217;aide financi\u00e8re pour l&#8217;achat de couches lavables et r\u00e9utilisables permettra de d\u00e9tourner de l&#8217;enfouissement une quantit\u00e9 non n\u00e9gligeable de d\u00e9chets.<\/h5>\n<h5>De plus, l&#8217;utilisation des couches lavables entre directement dans l&#8217;application du mod\u00e8le des 3R : R\u00e9duction \u00e0 la source (un achat, un d\u00e9placement), R\u00e9emploi (r\u00e9utiliser les couches lavables sur une p\u00e9riode de deux \u00e0 trois ans et possibilit\u00e9 de les utiliser de nouveau avec un autre enfant), Recyclage (peuvent \u00eatre transform\u00e9es en guenilles ou livr\u00e9es chez un r\u00e9cup\u00e9rateur de textile). Voil\u00e0 une action qui peut contribuer \u00e0 l&#8217;atteinte des objectifs des Programmes de gestion de mati\u00e8res r\u00e9siduelles (PGMR) qui incitent les villes et municipalit\u00e9s \u00e0 mettre en valeur un programme optimal des mati\u00e8res r\u00e9siduelles g\u00e9n\u00e9r\u00e9es.<\/h5>\n<p>&nbsp;<\/p>\n<h3><span style=\"color: #000000;\">Pour \u00eatre admissible \u00e0 cette aide, vous devez remplir et retourner le formulaire ci-dessous accompagn\u00e9 des documents demand\u00e9s :<\/span><\/h3>\n<h3><span style=\"color: #000000;\"><a href=\"https:\/\/www.riadm.ca\/wp-content\/uploads\/2023\/07\/Formulaire_demande_couches_lavables.pdf\">Formulaire_demande_couches_lavables<\/a><\/span><\/h3>\n<h3><span style=\"color: #000000;\">Tenir compte du fait que la facture doit provenir d&#8217;une boutique, sachez que les accessoires seront exclus.<\/span><\/h3>\n<p>&nbsp;<\/p>\n<h3 style=\"text-align: center;\"><span style=\"color: #0000ff;\"><a style=\"color: #0000ff;\" href=\"https:\/\/www.riadm.ca\/index.php\/contact\/\" target=\"_blank\" rel=\"noopener noreferrer\">Pour plus d&#8217;information, communiquez avec la RIADM au<\/a><\/span><\/h3>\n<h3 style=\"text-align: center;\"><span style=\"color: #0000ff;\">450 562-3786 poste 1<\/span><\/h3>\n<p>&nbsp;<\/p>\n<p>&nbsp;<\/p>\n<p>&nbsp;<\/p>\n","protected":false},"excerpt":{"rendered":"<p>PROGRAMME D&#8217;AIDE FINANCI\u00c8RE &#8211; COUCHES LAVABLES La R\u00e9gie Intermunicipale Argenteuil Deux-Montagnes (RIADM) offre depuis 2012 un programme d&#8217;aide financi\u00e8re \u00e0 l&#8217;achat de couches lavables. Par ce programme, la RIADM versera 200$ par enfant n\u00e9 le ou apr\u00e8s le 1er janvier 2012 pour l&#8217;achat de couches lavables et r\u00e9utilisables, et ce, pour les familles r\u00e9sidant sur [&hellip;]<\/p>\n","protected":false},"author":1,"featured_media":0,"parent":121,"menu_order":0,"comment_status":"closed","ping_status":"closed","template":"","meta":[],"_links":{"self":[{"href":"https:\/\/www.riadm.ca\/index.php\/wp-json\/wp\/v2\/pages\/465"}],"collection":[{"href":"https:\/\/www.riadm.ca\/index.php\/wp-json\/wp\/v2\/pages"}],"about":[{"href":"https:\/\/www.riadm.ca\/index.php\/wp-json\/wp\/v2\/types\/page"}],"author":[{"embeddable":true,"href":"https:\/\/www.riadm.ca\/index.php\/wp-json\/wp\/v2\/users\/1"}],"replies":[{"embeddable":true,"href":"https:\/\/www.riadm.ca\/index.php\/wp-json\/wp\/v2\/comments?post=465"}],"version-history":[{"count":42,"href":"https:\/\/www.riadm.ca\/index.php\/wp-json\/wp\/v2\/pages\/465\/revisions"}],"predecessor-version":[{"id":8124,"href":"https:\/\/www.riadm.ca\/index.php\/wp-json\/wp\/v2\/pages\/465\/revisions\/8124"}],"up":[{"embeddable":true,"href":"https:\/\/www.riadm.ca\/index.php\/wp-json\/wp\/v2\/pages\/121"}],"wp:attachment":[{"href":"https:\/\/www.riadm.ca\/index.php\/wp-json\/wp\/v2\/media?parent=465"}],"curies":[{"name":"wp","href":"https:\/\/api.w.org\/{rel}","templated":true}]}}