{"id":1455,"date":"2019-12-20T18:54:00","date_gmt":"2019-12-20T17:54:00","guid":{"rendered":"https:\/\/www.riadm.ca\/?page_id=1455"},"modified":"2023-05-23T14:24:51","modified_gmt":"2023-05-23T18:24:51","slug":"nouvellesconstructionsbacvertgratuit","status":"publish","type":"page","link":"https:\/\/www.riadm.ca\/index.php\/nos-activites-2\/nouvellesconstructionsbacvertgratuit\/","title":{"rendered":"Nouvelle construction *Bac vert offert gratuitement*"},"content":{"rendered":"<h4><span style=\"color: #000000;\">NOUVELLES CONSTRUCTIONS<\/span><\/h4>\n<hr \/>\n<h3><span style=\"color: #000000;\">Chaque nouvelle construction sur le territoire des municipalit\u00e9s membres de la R\u00e9gie Intermunicipale Argenteuil Deux-Montagnes, a droit \u00e0 un bac bleu de recyclage et un bac brun de compostage par adresse. La R\u00e9gie donne aussi le privil\u00e8ge de recevoir un bac vert de d\u00e9chet gratuitement. Pour les immeubles au del\u00e0 de 6 appartements cela devient du cas par cas pour le nombre de bac fournis.<\/span><\/h3>\n<p>&nbsp;<\/p>\n<h3><span style=\"color: #000000;\"><img loading=\"lazy\" class=\"wp-image-1391 alignleft\" src=\"https:\/\/www.riadm.ca\/wp-content\/uploads\/2019\/12\/t\u00e9l\u00e9phone.png\" alt=\"\" width=\"23\" height=\"28\" \/>Pour faire une demande de bacs, communiquez avec la RIADM au :<\/span><\/h3>\n<h3><span style=\"color: #000000;\">\u00a0 \u00a0 \u00a0 \u00a0 \u00a0 450 562-3786 poste 1<\/span><\/h3>\n<p>&nbsp;<\/p>\n<hr \/>\n<h3><img loading=\"lazy\" class=\"wp-image-1358 alignleft\" src=\"https:\/\/www.riadm.ca\/wp-content\/uploads\/2019\/12\/bacs-bleu-et-brun-3.png\" alt=\"\" width=\"118\" height=\"66\" srcset=\"https:\/\/www.riadm.ca\/wp-content\/uploads\/2019\/12\/bacs-bleu-et-brun-3.png 275w, https:\/\/www.riadm.ca\/wp-content\/uploads\/2019\/12\/bacs-bleu-et-brun-3-272x152.png 272w\" sizes=\"(max-width: 118px) 100vw, 118px\" \/> <span style=\"color: #333333;\">Les bacs bleus et bruns sont la propri\u00e9t\u00e9 de la RIADM. Si vous constatez que ceux-ci sont ab\u00eem\u00e9s ou bris\u00e9s, nous vous offrons un service de r\u00e9paration sans frais.<\/span><\/h3>\n<p>&nbsp;<\/p>\n<hr \/>\n<p><img loading=\"lazy\" class=\"wp-image-56 alignleft\" style=\"text-align: center; font-size: 16px;\" src=\"https:\/\/www.riadm.ca\/wp-content\/uploads\/2017\/01\/BAC_VERT.jpg\" alt=\"\" width=\"60\" height=\"67\" \/><\/p>\n<h3>Les bacs verts sont la propri\u00e9t\u00e9 du citoyen. La RIADM n&#8217;est pas responsable de leur r\u00e9paration. Pour plus d&#8217;information, veuillez contacter votre municipalit\u00e9.<\/h3>\n<h6>\u00a0 \u00a0 \u00a0 \u00a0 \u00a0 \u00a0 \u00a0 \u00a0 \u00a0 \u00a0 \u00a0 \u00a0Vous pouvez suivre le lien ci-bas pour joindre votre municipalit\u00e9 respective.<\/h6>\n<hr \/>\n<p>&nbsp;<\/p>\n<p><a href=\"https:\/\/www.ville.lachute.qc.ca\/services-en-ligne\/nous-joindre\/\" target=\"_blank\" rel=\"noopener noreferrer\"><img loading=\"lazy\" class=\"alignleft wp-image-255 size-full\" style=\"text-align: center;\" src=\"https:\/\/www.riadm.ca\/wp-content\/uploads\/2017\/03\/Ville-Lachute_Armoiries_120c.jpg\" alt=\"\" width=\"120\" height=\"120\" \/><\/a>\u00a0 \u00a0 \u00a0 \u00a0 <a href=\"http:\/\/www.brownsburgchatham.ca\/pour-nous-joindre\/\" target=\"_blank\" rel=\"noopener noreferrer\"><img loading=\"lazy\" class=\"alignleft wp-image-249 size-full\" src=\"https:\/\/www.riadm.ca\/wp-content\/uploads\/2017\/03\/logo-brownburg-chatham_120c.jpg\" alt=\"\" width=\"120\" height=\"120\" \/><\/a>\u00a0 \u00a0 \u00a0 \u00a0 <a href=\"https:\/\/stada.ca\/nous-joindre\/\" target=\"_blank\" rel=\"noopener noreferrer\"><img loading=\"lazy\" class=\"alignleft wp-image-253 size-full\" style=\"text-align: center;\" src=\"https:\/\/www.riadm.ca\/wp-content\/uploads\/2017\/03\/st-andre-argenteuil_120c.jpg\" alt=\"\" width=\"120\" height=\"120\" \/><\/a>\u00a0 \u00a0 \u00a0 \u00a0 <a href=\"https:\/\/saintplacide.ca\/nous-joindre\/\" target=\"_blank\" rel=\"noopener noreferrer\"><img loading=\"lazy\" class=\"alignleft wp-image-251 size-full\" src=\"https:\/\/www.riadm.ca\/wp-content\/uploads\/2017\/03\/logo-ville-st-placide_120c.jpg\" alt=\"\" width=\"120\" height=\"120\" \/><\/a><\/p>\n<p>&nbsp;<\/p>\n<p>&nbsp;<\/p>\n<p>&nbsp;<\/p>\n<p>&nbsp;<\/p>\n<p>&nbsp;<\/p>\n<p>&nbsp;<\/p>\n<p>&nbsp;<\/p>\n","protected":false},"excerpt":{"rendered":"<p>NOUVELLES CONSTRUCTIONS Chaque nouvelle construction sur le territoire des municipalit\u00e9s membres de la R\u00e9gie Intermunicipale Argenteuil Deux-Montagnes, a droit \u00e0 un bac bleu de recyclage et un bac brun de compostage par adresse. La R\u00e9gie donne aussi le privil\u00e8ge de recevoir un bac vert de d\u00e9chet gratuitement. Pour les immeubles au del\u00e0 de 6 appartements [&hellip;]<\/p>\n","protected":false},"author":1,"featured_media":0,"parent":121,"menu_order":0,"comment_status":"closed","ping_status":"closed","template":"","meta":[],"_links":{"self":[{"href":"https:\/\/www.riadm.ca\/index.php\/wp-json\/wp\/v2\/pages\/1455"}],"collection":[{"href":"https:\/\/www.riadm.ca\/index.php\/wp-json\/wp\/v2\/pages"}],"about":[{"href":"https:\/\/www.riadm.ca\/index.php\/wp-json\/wp\/v2\/types\/page"}],"author":[{"embeddable":true,"href":"https:\/\/www.riadm.ca\/index.php\/wp-json\/wp\/v2\/users\/1"}],"replies":[{"embeddable":true,"href":"https:\/\/www.riadm.ca\/index.php\/wp-json\/wp\/v2\/comments?post=1455"}],"version-history":[{"count":15,"href":"https:\/\/www.riadm.ca\/index.php\/wp-json\/wp\/v2\/pages\/1455\/revisions"}],"predecessor-version":[{"id":8075,"href":"https:\/\/www.riadm.ca\/index.php\/wp-json\/wp\/v2\/pages\/1455\/revisions\/8075"}],"up":[{"embeddable":true,"href":"https:\/\/www.riadm.ca\/index.php\/wp-json\/wp\/v2\/pages\/121"}],"wp:attachment":[{"href":"https:\/\/www.riadm.ca\/index.php\/wp-json\/wp\/v2\/media?parent=1455"}],"curies":[{"name":"wp","href":"https:\/\/api.w.org\/{rel}","templated":true}]}}