{"id":129,"date":"2017-01-12T16:20:20","date_gmt":"2017-01-12T15:20:20","guid":{"rendered":"http:\/\/207.253.81.76\/?page_id=129"},"modified":"2026-03-30T11:28:21","modified_gmt":"2026-03-30T15:28:21","slug":"residus-domestiques-dangereux","status":"publish","type":"page","link":"https:\/\/www.riadm.ca\/index.php\/nos-activites-2\/residus-domestiques-dangereux\/","title":{"rendered":"Site de d\u00e9p\u00f4t des RDD"},"content":{"rendered":"<h6 style=\"text-align: right;\">Photos du site,<a href=\"https:\/\/www.riadm.ca\/index.php\/2020\/07\/17\/photos-douverture-du-site-rdd\/\" target=\"_blank\" rel=\"noopener noreferrer\"> cliquez-ici!<\/a><\/h6>\n<h1 style=\"text-align: center;\"><span style=\"color: #000000;\"><strong>R\u00e9sidus Domestiques Dangereux (RDD)<\/strong><\/span><\/h1>\n<h3><strong><span style=\"color: #000000;\">Site de d\u00e9p\u00f4t, 875 chemin B\u00e9thany<\/span><\/strong><span style=\"color: #000000;\">, Lachute, QC J8H 2C5<\/span><\/h3>\n<h5><span style=\"color: #993300;\"><strong>Ce service est offert aux citoyens des municipalit\u00e9s membres (Lachute, Brownsburg-Chatham, Saint-Andr\u00e9-d&#8217;Argenteuil, Saint-Placide)<\/strong><\/span><\/h5>\n<hr \/>\n<p>La RIADM participe \u00e0 un projet pilote sur la collecte et le recyclage d\u2019appareils \u00e0 piles imbriqu\u00e9es en partenariat avec Appel \u00e0 Recycler et le R\u00e9seau qu\u00e9b\u00e9cois des CFER. Les citoyens des quatre municipalit\u00e9s pourront aller porter leur appareils \u00e0 piles imbriqu\u00e9es au site RDD.<\/p>\n<p>Les appareils seront d\u00e9mantel\u00e9s dans un Centre de formation en entreprise et r\u00e9cup\u00e9ration (CFER), une \u00e9cole-entreprise s\u2019adressant \u00e0 des jeunes de 15 \u00e0 21 ans qui ont un parcours scolaire atypique. Les piles et batteries des appareils re\u00e7us pourront ainsi \u00eatre recycl\u00e9es ad\u00e9quatement.<\/p>\n<p>Les items couverts par ce projet pilote doivent contenir une pile imbriqu\u00e9e (difficilement retirable) et ils doivent faire partie de l\u2019une de ces cat\u00e9gories : Jouets, Drones, Petits appareils d\u2019\u00e9clairage (lampe de poche), D\u00e9tecteurs de fum\u00e9e ou de monoxyde de carbone, Outils de jardinage ou de r\u00e9novation\/construction, Appareils de soins personnels (brosse \u00e0 dent, rasoir), Cigarettes \u00e9lectroniques, Bicyclettes assist\u00e9es, Petits moyens de locomotion individuels (tels que les trottinettes et les v\u00e9hicules gyroscopiques), V\u00e9hicules d\u2019aide \u00e0 la mobilit\u00e9.<\/p>\n<p>N\u2019attendez pas pour vous d\u00e9barrasser de vos appareils \u00e0 piles imbriqu\u00e9es.<\/p>\n<p><a href=\"https:\/\/www.riadm.ca\/wp-content\/uploads\/2025\/02\/projet-pilote-recyclage-dappareils-a-piles-non-amovibles-matieres-acceptes_non-acceptes.pdf\">&#8211; <span style=\"color: #3366ff;\">Liste d&#8217;appareils accept\u00e9s et non accept\u00e9s<\/span><\/a><\/p>\n<hr \/>\n<h3><span style=\"color: #333399;\"><a style=\"color: #333399;\" href=\"https:\/\/maps.app.goo.gl\/gTjAUY7R6MSWQkus6\" target=\"_blank\" rel=\"noopener noreferrer\"><span style=\"color: #0000ff;\">&#8211; Carte de localisation\u00a0<\/span><\/a><\/span><\/h3>\n<h3><span style=\"color: #0000ff;\"><a style=\"color: #0000ff;\" href=\"https:\/\/www.riadm.ca\/index.php\/2020\/07\/07\/heures-douverture-rdd\/\" target=\"_blank\" rel=\"noopener noreferrer\"><strong>&#8211; Heures d&#8217;ouverture<\/strong><\/a><\/span><\/h3>\n<hr \/>\n<p><strong>Consignes aux utilisateurs\u00a0<\/strong><\/p>\n<ul data-editing-info=\"{&quot;applyListStyleFromLevel&quot;:false,&quot;unorderedStyleType&quot;:2}\">\n<li>Arr\u00eatez-vous au poste d&#8217;accueil<\/li>\n<li>Pr\u00e9sentez votre preuve de r\u00e9sidence<\/li>\n<li>Dirigez-vous aux postes de d\u00e9p\u00f4ts appropri\u00e9s<\/li>\n<li>Suivez les consignes de signalisation sur le site<\/li>\n<li>Respectez la limite de vitesse<\/li>\n<li>Vous \u00eates responsables de la s\u00e9curit\u00e9 de vos enfants<\/li>\n<li>Animaux interdits \u00e0 l&#8217;ext\u00e9rieur du v\u00e9hicule<\/li>\n<li>Interdiction de fumer<\/li>\n<li>Coupez le moteur lorsque vous ne roulez pas<\/li>\n<\/ul>\n<hr \/>\n<h6><span style=\"color: #000000;\">Seuls les RDD d&#8217;origine r\u00e9sidentielle sont accept\u00e9s, pr\u00e9f\u00e9rablement dans leur contenant d&#8217;origine ou dans un contenant herm\u00e9tique clairement identifi\u00e9.\u00a0<\/span><\/h6>\n<h6><span style=\"color: #0000ff;\"><a style=\"color: #0000ff;\" href=\"https:\/\/www.riadm.ca\/wp-content\/uploads\/2026\/03\/Matieres-acceptees-rdd.pdf\">&#8211; <\/a><\/span><span style=\"color: #0000ff;\"><a style=\"color: #0000ff;\" href=\"https:\/\/www.riadm.ca\/wp-content\/uploads\/2026\/03\/Produits-acceptes-1.pdf\">LISTE DE PRODUITS ACCEPT\u00c9S<\/a><\/span><\/h6>\n<h6><span style=\"color: #0000ff;\"><a style=\"color: #0000ff;\" href=\"https:\/\/www.riadm.ca\/index.php\/2020\/02\/17\/produits-rdd-refuses\/\" target=\"_blank\" rel=\"noopener noreferrer\">&#8211; LISTE DE PRODUITS REFUS\u00c9S<\/a><\/span><\/h6>\n<hr \/>\n<p><a href=\"https:\/\/www.cchst.ca\/oshanswers\/chemicals\/whmis_ghs\/pictograms.html\" target=\"_blank\" rel=\"noopener noreferrer\"><img loading=\"lazy\" class=\"alignnone size-medium wp-image-855\" src=\"https:\/\/www.riadm.ca\/wp-content\/uploads\/2019\/12\/RDD-678x3651-1-300x73.jpg\" alt=\"\" width=\"300\" height=\"73\" srcset=\"https:\/\/www.riadm.ca\/wp-content\/uploads\/2019\/12\/RDD-678x3651-1-300x73.jpg 300w, https:\/\/www.riadm.ca\/wp-content\/uploads\/2019\/12\/RDD-678x3651-1-768x186.jpg 768w, https:\/\/www.riadm.ca\/wp-content\/uploads\/2019\/12\/RDD-678x3651-1-1024x248.jpg 1024w, https:\/\/www.riadm.ca\/wp-content\/uploads\/2019\/12\/RDD-678x3651-1.jpg 1632w\" sizes=\"(max-width: 300px) 100vw, 300px\" \/><\/a><\/p>\n<h6><span style=\"color: #0000ff;\"><a style=\"color: #0000ff;\" href=\"https:\/\/www.cchst.ca\/oshanswers\/chemicals\/whmis_ghs\/pictograms.html\" target=\"_blank\" rel=\"noopener noreferrer\">\u2192 PICTOGRAMME DE DANGER<\/a><a style=\"color: #0000ff;\" href=\"https:\/\/www.cchst.ca\/oshanswers\/chemicals\/whmis_ghs\/pictograms.html\" target=\"_blank\" rel=\"noopener noreferrer\"> (Plus de d\u00e9tails)<\/a><\/span><\/h6>\n<h6><span style=\"color: #0000ff;\"><a style=\"color: #0000ff;\" href=\"https:\/\/www.recyc-quebec.gouv.qc.ca\/sites\/default\/files\/documents\/Fiche-info-rdd.pdf\" target=\"_blank\" rel=\"noopener noreferrer\">\u2192 FICHE D&#8217;INFORMATION R\u00c9SIDUS DOMESTIQUES DANGEREUX (Plus de d\u00e9tails)<\/a><\/span><\/h6>\n<hr \/>\n<h6><span style=\"color: #000000;\">Il est strictement interdit de laisser vos RDD \u00e0 l&#8217;entr\u00e9e du d\u00e9p\u00f4t lorsque celui-ci est ferm\u00e9. Nous vous demandons de les acheminer chez les d\u00e9taillants de la r\u00e9gion qui en font la r\u00e9cup\u00e9ration.<\/span><\/h6>\n<h6><span style=\"color: #000000;\">En voici quelques-uns, <span style=\"color: #0000ff;\"><a style=\"color: #0000ff;\" href=\"https:\/\/www.riadm.ca\/index.php\/2022\/05\/04\/reemploi\/\">cliquez ici<\/a>.<\/span><\/span><\/h6>\n<p><a href=\"https:\/\/www.ecopeinture.ca\/localiser\/\"><img loading=\"lazy\" class=\"alignnone wp-image-2957\" src=\"https:\/\/www.riadm.ca\/wp-content\/uploads\/2020\/09\/ecopeinture-2-1-300x89.jpg\" alt=\"\" width=\"176\" height=\"52\" srcset=\"https:\/\/www.riadm.ca\/wp-content\/uploads\/2020\/09\/ecopeinture-2-1-300x89.jpg 300w, https:\/\/www.riadm.ca\/wp-content\/uploads\/2020\/09\/ecopeinture-2-1-1024x305.jpg 1024w, https:\/\/www.riadm.ca\/wp-content\/uploads\/2020\/09\/ecopeinture-2-1-768x229.jpg 768w, https:\/\/www.riadm.ca\/wp-content\/uploads\/2020\/09\/ecopeinture-2-1-1536x458.jpg 1536w, https:\/\/www.riadm.ca\/wp-content\/uploads\/2020\/09\/ecopeinture-2-1-2048x611.jpg 2048w\" sizes=\"(max-width: 176px) 100vw, 176px\" \/><\/a><\/p>\n<hr \/>\n<h1><a href=\"https:\/\/www.recyc-quebec.gouv.qc.ca\/citoyens\/mieux-recuperer\/quoi-faire-avec-chaque-matiere\" target=\"_blank\" rel=\"noopener noreferrer\"><img loading=\"lazy\" class=\" wp-image-1849 alignleft\" src=\"https:\/\/www.riadm.ca\/wp-content\/uploads\/2020\/01\/recyc-quebec-logo-300x71.png\" alt=\"\" width=\"220\" height=\"52\" srcset=\"https:\/\/www.riadm.ca\/wp-content\/uploads\/2020\/01\/recyc-quebec-logo-300x71.png 300w, https:\/\/www.riadm.ca\/wp-content\/uploads\/2020\/01\/recyc-quebec-logo.png 354w\" sizes=\"(max-width: 220px) 100vw, 220px\" \/><\/a> <a href=\"https:\/\/www.3-2-1-0.com\/quest-ce-que-je-fais-avec-ca\/\" target=\"_blank\" rel=\"noopener noreferrer\"><img loading=\"lazy\" class=\"wp-image-907 alignleft\" src=\"https:\/\/www.riadm.ca\/wp-content\/uploads\/2019\/12\/Logo-Decompte-RGB_4.jpg\" alt=\"\" width=\"173\" height=\"50\" \/><\/a><\/h1>\n<p>&nbsp;<\/p>\n<p>&nbsp;<\/p>\n<h1><\/h1>\n<p>&nbsp;<\/p>\n<h6><\/h6>\n","protected":false},"excerpt":{"rendered":"<p>Photos du site, cliquez-ici! R\u00e9sidus Domestiques Dangereux (RDD) Site de d\u00e9p\u00f4t, 875 chemin B\u00e9thany, Lachute, QC J8H 2C5 Ce service est offert aux citoyens des municipalit\u00e9s membres (Lachute, Brownsburg-Chatham, Saint-Andr\u00e9-d&#8217;Argenteuil, Saint-Placide) La RIADM participe \u00e0 un projet pilote sur la collecte et le recyclage d\u2019appareils \u00e0 piles imbriqu\u00e9es en partenariat avec Appel \u00e0 Recycler et [&hellip;]<\/p>\n","protected":false},"author":1,"featured_media":0,"parent":121,"menu_order":0,"comment_status":"closed","ping_status":"closed","template":"","meta":[],"_links":{"self":[{"href":"https:\/\/www.riadm.ca\/index.php\/wp-json\/wp\/v2\/pages\/129"}],"collection":[{"href":"https:\/\/www.riadm.ca\/index.php\/wp-json\/wp\/v2\/pages"}],"about":[{"href":"https:\/\/www.riadm.ca\/index.php\/wp-json\/wp\/v2\/types\/page"}],"author":[{"embeddable":true,"href":"https:\/\/www.riadm.ca\/index.php\/wp-json\/wp\/v2\/users\/1"}],"replies":[{"embeddable":true,"href":"https:\/\/www.riadm.ca\/index.php\/wp-json\/wp\/v2\/comments?post=129"}],"version-history":[{"count":230,"href":"https:\/\/www.riadm.ca\/index.php\/wp-json\/wp\/v2\/pages\/129\/revisions"}],"predecessor-version":[{"id":9115,"href":"https:\/\/www.riadm.ca\/index.php\/wp-json\/wp\/v2\/pages\/129\/revisions\/9115"}],"up":[{"embeddable":true,"href":"https:\/\/www.riadm.ca\/index.php\/wp-json\/wp\/v2\/pages\/121"}],"wp:attachment":[{"href":"https:\/\/www.riadm.ca\/index.php\/wp-json\/wp\/v2\/media?parent=129"}],"curies":[{"name":"wp","href":"https:\/\/api.w.org\/{rel}","templated":true}]}}