{"id":127,"date":"2017-01-12T16:19:42","date_gmt":"2017-01-12T15:19:42","guid":{"rendered":"http:\/\/207.253.81.76\/?page_id=127"},"modified":"2026-01-13T08:49:06","modified_gmt":"2026-01-13T13:49:06","slug":"collecte-de-matieres-organiques","status":"publish","type":"page","link":"https:\/\/www.riadm.ca\/index.php\/nos-activites-2\/collecte-de-matieres-organiques\/","title":{"rendered":"Traitement des mati\u00e8res organiques"},"content":{"rendered":"<h2>PLATEFORME DE COMPOSTAGE DE LACHUTE<\/h2>\n<h3 style=\"text-align: center;\"><span style=\"color: #ff0000;\"><strong>&#8211; AVIS IMPORTANT &#8211;<\/strong><strong>\u00a0 <\/strong><\/span><\/h3>\n<h3 style=\"text-align: center;\"><strong>Nous tenons \u00e0 vous informer que le d\u00e9p\u00f4t de cendres froides dans le bac de compost n&#8217;est plus autoris\u00e9.<\/strong><\/h3>\n<p style=\"text-align: center;\">\u00a0 \u00a0 \u00a0 \u00a0 \u00a0 Changement motiv\u00e9 par la pr\u00e9sence potentielle de contaminants tels que des clous, vis et d\u00e9bris m\u00e9talliques dans les cendres, qui pourraient se retrouver dans le compost.<\/p>\n<h3 style=\"text-align: center;\"><strong>Les cendres froides \u00e9teintes depuis au moins 7 jours devront \u00eatre d\u00e9pos\u00e9es dans le bac \u00e0 ordures.<\/strong><\/h3>\n<h3>Biog\u00e9nie Groupe Ortec<\/h3>\n<h6><em>6985, CHEMIN DES SOURCES<\/em><br \/>\n<em>LACHUTE (QU\u00c9BEC)<\/em><br \/>\n<em>J8H 2C5<\/em><\/h6>\n<h6><em><span class=\"coordonnees\">T\u00c9L\u00c9PHONE : 418 882-2736 <\/span><span class=\"coordonnees\">SANS FRAIS : 1 800 463-1030<\/span><\/em><\/h6>\n<h6><\/h6>\n<h6><\/h6>\n<h6><a href=\"https:\/\/www.riadm.ca\/wp-content\/uploads\/2026\/01\/2025-Liste-des-matieres-putrescibles-municipales-acceptees-refusees_St-Henri-Lachute.pdf\">Liste des mati\u00e8res putrescibles accept\u00e9es et refus\u00e9es<\/a><\/h6>\n<h6>Pour ce qui est des dates de collecte, r\u00e9f\u00e9rez-vous \u00e0 <a href=\"https:\/\/www.riadm.ca\/index.php\/eco-calendriers-2025\/\" target=\"_blank\" rel=\"noopener noreferrer\">l&#8217;\u00e9cocalendrier de votre municipalit\u00e9<\/a>.<\/h6>\n<h6><\/h6>\n<h6><\/h6>\n<p>&nbsp;<\/p>\n<h6><a href=\"https:\/\/www.riadm.ca\/index.php\/contact\/\" target=\"_blank\" rel=\"noopener noreferrer\"><span style=\"color: #993300;\"><em>Pour vous procurer un BAC BRUN communiquez avec la RIADM<\/em><\/span><\/a><\/h6>\n<h6>Pour plus d&#8217;information concernant le traitement des mati\u00e8res organiques.<\/h6>\n<p><img loading=\"lazy\" class=\"alignnone wp-image-8635 size-medium\" src=\"https:\/\/www.riadm.ca\/wp-content\/uploads\/2024\/09\/LOGO-BIOGENIE-ORTEC-GROUPE-CAN_FR-_CMJN_CYAN-8-003-300x75.png\" alt=\"\" width=\"300\" height=\"75\" srcset=\"https:\/\/www.riadm.ca\/wp-content\/uploads\/2024\/09\/LOGO-BIOGENIE-ORTEC-GROUPE-CAN_FR-_CMJN_CYAN-8-003-300x75.png 300w, https:\/\/www.riadm.ca\/wp-content\/uploads\/2024\/09\/LOGO-BIOGENIE-ORTEC-GROUPE-CAN_FR-_CMJN_CYAN-8-003-1024x255.png 1024w, https:\/\/www.riadm.ca\/wp-content\/uploads\/2024\/09\/LOGO-BIOGENIE-ORTEC-GROUPE-CAN_FR-_CMJN_CYAN-8-003-768x191.png 768w, https:\/\/www.riadm.ca\/wp-content\/uploads\/2024\/09\/LOGO-BIOGENIE-ORTEC-GROUPE-CAN_FR-_CMJN_CYAN-8-003-1536x382.png 1536w, https:\/\/www.riadm.ca\/wp-content\/uploads\/2024\/09\/LOGO-BIOGENIE-ORTEC-GROUPE-CAN_FR-_CMJN_CYAN-8-003.png 1688w\" sizes=\"(max-width: 300px) 100vw, 300px\" \/><\/p>\n","protected":false},"excerpt":{"rendered":"<p>PLATEFORME DE COMPOSTAGE DE LACHUTE &#8211; AVIS IMPORTANT &#8211;\u00a0 Nous tenons \u00e0 vous informer que le d\u00e9p\u00f4t de cendres froides dans le bac de compost n&#8217;est plus autoris\u00e9. \u00a0 \u00a0 \u00a0 \u00a0 \u00a0 Changement motiv\u00e9 par la pr\u00e9sence potentielle de contaminants tels que des clous, vis et d\u00e9bris m\u00e9talliques dans les cendres, qui pourraient se [&hellip;]<\/p>\n","protected":false},"author":1,"featured_media":0,"parent":121,"menu_order":0,"comment_status":"closed","ping_status":"closed","template":"","meta":[],"_links":{"self":[{"href":"https:\/\/www.riadm.ca\/index.php\/wp-json\/wp\/v2\/pages\/127"}],"collection":[{"href":"https:\/\/www.riadm.ca\/index.php\/wp-json\/wp\/v2\/pages"}],"about":[{"href":"https:\/\/www.riadm.ca\/index.php\/wp-json\/wp\/v2\/types\/page"}],"author":[{"embeddable":true,"href":"https:\/\/www.riadm.ca\/index.php\/wp-json\/wp\/v2\/users\/1"}],"replies":[{"embeddable":true,"href":"https:\/\/www.riadm.ca\/index.php\/wp-json\/wp\/v2\/comments?post=127"}],"version-history":[{"count":54,"href":"https:\/\/www.riadm.ca\/index.php\/wp-json\/wp\/v2\/pages\/127\/revisions"}],"predecessor-version":[{"id":9041,"href":"https:\/\/www.riadm.ca\/index.php\/wp-json\/wp\/v2\/pages\/127\/revisions\/9041"}],"up":[{"embeddable":true,"href":"https:\/\/www.riadm.ca\/index.php\/wp-json\/wp\/v2\/pages\/121"}],"wp:attachment":[{"href":"https:\/\/www.riadm.ca\/index.php\/wp-json\/wp\/v2\/media?parent=127"}],"curies":[{"name":"wp","href":"https:\/\/api.w.org\/{rel}","templated":true}]}}