{"id":121,"date":"2017-01-12T16:16:43","date_gmt":"2017-01-12T15:16:43","guid":{"rendered":"http:\/\/207.253.81.76\/?page_id=121"},"modified":"2024-03-04T12:45:32","modified_gmt":"2024-03-04T17:45:32","slug":"nos-activites-2","status":"publish","type":"page","link":"https:\/\/www.riadm.ca\/index.php\/nos-activites-2\/","title":{"rendered":"Nos activit\u00e9s"},"content":{"rendered":"<p>[vc_row][vc_column][vc_btn title=&#8221;R\u00c9CUP\u00c9RATION DES ARBRES DE NO\u00cbL&#8221; style=&#8221;outline&#8221; shape=&#8221;round&#8221; color=&#8221;primary&#8221; size=&#8221;lg&#8221; align=&#8221;center&#8221; css_animation=&#8221;appear&#8221; link=&#8221;url:http%3A%2F%2Fwww.riadm.ca%2Findex.php%2Fnos-activites%2Frecuperation-de-sapins%2F|title:Journ%C3%A9e%20retour%20%C3%A0%20la%20terre|target:%20_blank|&#8221; button_block=&#8221;true&#8221;][vc_btn title=&#8221;COLLECTE DE FEUILLES&#8221; style=&#8221;outline&#8221; shape=&#8221;round&#8221; color=&#8221;primary&#8221; size=&#8221;lg&#8221; align=&#8221;center&#8221; css_animation=&#8221;appear&#8221; link=&#8221;url:http%3A%2F%2Fwww.riadm.ca%2Findex.php%2Fnos-activites%2Fcollecte-de-feuilles%2F|title:Journ%C3%A9e%20retour%20%C3%A0%20la%20terre|target:%20_blank|&#8221; button_block=&#8221;true&#8221;][vc_btn title=&#8221;PROGRAMME D&#8217;AIDE FINANCI\u00c8RE &#8211; COUCHES LAVABLES&#8221; style=&#8221;outline&#8221; shape=&#8221;round&#8221; color=&#8221;primary&#8221; size=&#8221;lg&#8221; align=&#8221;center&#8221; css_animation=&#8221;appear&#8221; link=&#8221;url:http%3A%2F%2Fwww.riadm.ca%2Findex.php%2Fnos-activites%2Fprogramme-daide-financiere-couches-lavables%2F|title:Journ%C3%A9e%20retour%20%C3%A0%20la%20terre|target:%20_blank|&#8221; button_block=&#8221;true&#8221;][\/vc_column][\/vc_row]<\/p>\n","protected":false},"excerpt":{"rendered":"<p>[vc_row][vc_column][vc_btn title=&#8221;R\u00c9CUP\u00c9RATION DES ARBRES DE NO\u00cbL&#8221; style=&#8221;outline&#8221; shape=&#8221;round&#8221; color=&#8221;primary&#8221; size=&#8221;lg&#8221; align=&#8221;center&#8221; css_animation=&#8221;appear&#8221; link=&#8221;url:http%3A%2F%2Fwww.riadm.ca%2Findex.php%2Fnos-activites%2Frecuperation-de-sapins%2F|title:Journ%C3%A9e%20retour%20%C3%A0%20la%20terre|target:%20_blank|&#8221; button_block=&#8221;true&#8221;][vc_btn title=&#8221;COLLECTE DE FEUILLES&#8221; style=&#8221;outline&#8221; shape=&#8221;round&#8221; color=&#8221;primary&#8221; size=&#8221;lg&#8221; align=&#8221;center&#8221; css_animation=&#8221;appear&#8221; link=&#8221;url:http%3A%2F%2Fwww.riadm.ca%2Findex.php%2Fnos-activites%2Fcollecte-de-feuilles%2F|title:Journ%C3%A9e%20retour%20%C3%A0%20la%20terre|target:%20_blank|&#8221; button_block=&#8221;true&#8221;][vc_btn title=&#8221;PROGRAMME D&#8217;AIDE FINANCI\u00c8RE &#8211; COUCHES LAVABLES&#8221; style=&#8221;outline&#8221; shape=&#8221;round&#8221; color=&#8221;primary&#8221; size=&#8221;lg&#8221; align=&#8221;center&#8221; css_animation=&#8221;appear&#8221; link=&#8221;url:http%3A%2F%2Fwww.riadm.ca%2Findex.php%2Fnos-activites%2Fprogramme-daide-financiere-couches-lavables%2F|title:Journ%C3%A9e%20retour%20%C3%A0%20la%20terre|target:%20_blank|&#8221; button_block=&#8221;true&#8221;][\/vc_column][\/vc_row]<\/p>\n","protected":false},"author":1,"featured_media":50,"parent":0,"menu_order":0,"comment_status":"closed","ping_status":"closed","template":"","meta":[],"_links":{"self":[{"href":"https:\/\/www.riadm.ca\/index.php\/wp-json\/wp\/v2\/pages\/121"}],"collection":[{"href":"https:\/\/www.riadm.ca\/index.php\/wp-json\/wp\/v2\/pages"}],"about":[{"href":"https:\/\/www.riadm.ca\/index.php\/wp-json\/wp\/v2\/types\/page"}],"author":[{"embeddable":true,"href":"https:\/\/www.riadm.ca\/index.php\/wp-json\/wp\/v2\/users\/1"}],"replies":[{"embeddable":true,"href":"https:\/\/www.riadm.ca\/index.php\/wp-json\/wp\/v2\/comments?post=121"}],"version-history":[{"count":18,"href":"https:\/\/www.riadm.ca\/index.php\/wp-json\/wp\/v2\/pages\/121\/revisions"}],"predecessor-version":[{"id":8444,"href":"https:\/\/www.riadm.ca\/index.php\/wp-json\/wp\/v2\/pages\/121\/revisions\/8444"}],"wp:featuredmedia":[{"embeddable":true,"href":"https:\/\/www.riadm.ca\/index.php\/wp-json\/wp\/v2\/media\/50"}],"wp:attachment":[{"href":"https:\/\/www.riadm.ca\/index.php\/wp-json\/wp\/v2\/media?parent=121"}],"curies":[{"name":"wp","href":"https:\/\/api.w.org\/{rel}","templated":true}]}}